?
19
What is the remainder when 23904 is divided by 7930?
114
Calculate the remainder when 581505 is divided by 1652.
1
What is the remainder when 1389307792 is divided by 535?
532
Calculate the remainder when 372480821 is divided by 26.
11
Calculate the remainder when 211220 is divided by 35.
30
What is the remainder when 3036375 is divided by 717?
597
What is the remainder when 72611891 is divided by 89?
84
What is the remainder when 32531352 is divided by 650627?
2
Calculate the remainder when 1808284 is divided by 452067.
16
Calculate the remainder when 1459536 is divided by 30.
6
What is the remainder when 495841 is divided by 900?
841
What is the remainder when 2131018 is divided by 2130010?
1008
Calculate the remainder when 70633 is divided by 1148.
605
Calculate the remainder when 2940056771 is divided by 1769.
1768
What is the remainder when 150355 is divided by 1623?
1039
Calculate the remainder when 48408964 is divided by 433.
430
Calculate the remainder when 29921057 is divided by 157.
154
Calculate the remainder when 1040707 is divided by 1263.
1258
What is the remainder when 2020842 is divided by 58?
6
What is the remainder when 647325 is divided by 323646?
33
What is the remainder when 6952302 is divided by 2600?
2502
Calculate the remainder when 22894906 is divided by 2261.
20
Calculate the remainder when 122556 is divided by 3141.
57
Calculate the remainder when 102022276 is divided by 364.
356
Calculate the remainder when 70617302 is divided by 301.
294
Calculate the remainder when 143294 is divided by 11919.
266
What is the remainder when 66042815 is divided by 3173?
3166
Calculate the remainder when 1899581 is divided by 474648.
989
What is the remainder when 776237 is divided by 70544?
253
Calculate the remainder when 45786054 is divided by 520296.
6
Calculate the remainder when 481482 is divided by 134.
20
Calculate the remainder when 2849884 is divided by 1424929.
26
What is the remainder when 19098169 is divided by 36798?
7
Calculate the remainder when 624823 is divided by 2380.
1263
Calculate the remainder when 45724443 is divided by 4759.
4730
Calculate the remainder when 57625 is divided by 28792.
41
What is the remainder when 5347729 is divided by 2152?
9
What is the remainder when 3247309 is divided by 1180?
1129
What is the remainder when 45076532 is divided by 37315?
12
What is the remainder when 9202925 is divided by 17?
9
Calculate the remainder when 114884 is divided by 9537.
440
What is the remainder when 256130 is divided by 270?
170
Calculate the remainder when 682509 is divided by 1376.
13
Calculate the remainder when 62985104 is divided by 37648.
0
Calculate the remainder when 176487470 is divided by 27615.
5
What is the remainder when 6767716 is divided by 152?
68
Calculate the remainder when 86477 is divided by 568.
141
Calculate the remainder when 994 is divided by 70.
14
Calculate the remainder when 590888 is divided by 201.
149
What is the remainder when 85251 is divided by 569?
470
Calculate the remainder when 816427 is divided by 773.
139
What is the remainder when 299619780 is divided by 391?
390
What is the remainder when 40473843 is divided by 20236921?
1
What is the remainder when 195870389 is divided by 874?
871
Calculate the remainder when 116028204 is divided by 3218.
3214
What is the remainder when 102159562 is divided by 102159533?
29
Calculate the remainder when 766353 is divided by 127719.
39
What is the remainder when 153751204 is divided by 30750240?
4
Calculate the remainder when 3401119 is divided by 1700523.
73
What is the remainder when 67810 is divided by 955?
5
Calculate the remainder when 215307 is divided by 72.
27
What is the remainder when 15064050 is divided by 73?
62
What is the remainder when 246784 is divided by 22264?
1880
Calculate the remainder when 754778 is divided by 19351.
89
Calculate the remainder when 9455686 is divided by 115.
41
What is the remainder when 11665706 is divided by 92?
14
What is the remainder when 65462 is divided by 4995?
527
What is the remainder when 4340390 is divided by 18?
14
Calculate the remainder when 30875256 is divided by 7718811.
12
What is the remainder when 2569296 is divided by 181?
1
What is the remainder when 10847023 is divided by 19?
18
Calculate the remainder when 174685 is divided by 367.
360
What is the remainder when 3342337 is divided by 101281?
64
What is the remainder when 440173 is divided by 121?
96
What is the remainder when 21171167 is divided by 2774?
2773
What is the remainder when 831536 is divided by 165670?
3186
Calculate the remainder when 167110 is divided by 23864.
62
Calculate the remainder when 74204536 is divided by 114.
112
Calculate the remainder when 84586 is divided by 938.
166
Calculate the remainder when 1015587 is divided by 1378.
1
Calculate the remainder when 1886434 is divided by 3955.
3854
What is the remainder when 302837 is divided by 30280?
37
What is the remainder when 56222330 is divided by 3?
2
Calculate the remainder when 18923967 is divided by 2098.
7
Calculate the remainder when 69409421 is divided by 1046.
1045
Calculate the remainder when 2193033 is divided by 23581.
0
Calculate the remainder when 42101 is divided by 2464.
213
What is the remainder when 47621708 is divided by 464?
460
What is the remainder when 9253856 is divided by 385?
381
What is the remainder when 3625271 is divided by 1812629?
13
Calculate the remainder when 15592425 is divided by 40.
25
Calculate the remainder when 120666049 is divided by 436.
433
What is the remainder when 202577183 is divided by 341?
336
Calculate the remainder when 14874635 is divided by 439.
437
What is the remainder when 119558 is divided by 5194?
96
What is the remainder when 194163969 is divided by 833?
832
What is the remainder when 694739 is divided by 4425?
14
What is the remainder when 16655 is divided by 542?
395
Calculate the remainder when 699729 is divided by 77737.
96
Calculate the remainder when 423488 is divided by 313.
312
Calculate the remainder when 39450956 is divided by 139.
115
Calculate the remainder when 4722409 is divided by 944468.
69
Calculate the remainder when 235682 is divided by 117841.
0
Calculate the remainder when 8424 is divided by 1520.
824
Calculate the remainder when 30501691 is divided by 673.
658
Calculate the remainder when 1154187 is divided by 39789.
306
Calculate the remainder when 22226836 is divided by 12226.
12194
Calculate the remainder when 4542676 is divided by 138.
130
Calculate the remainder when 18216377 is divided by 6072117.
26
Calculate the remainder when 7289825 is divided by 11.
4
What is the remainder when 1307652 is divided by 3912?
1044
What is the remainder when 1388556 is divided by 136?
132
What is the remainder when 284287 is divided by 52?
3
Calculate the remainder when 279463 is divided by 728.
639
What is the remainder when 7460731 is divided by 1545?
1471
What is the remainder when 156385 is divided by 4?
1
What is the remainder when 3300537 is divided by 206283?
9
What is the remainder when 7385987 is divided by 1021?
73
What is the remainder when 3883297 is divided by 970741?
333
What is the remainder when 393147 is divided by 3527?
1650
Calculate the remainder when 30060395 is divided by 1451.
28
Calculate the remainder when 2597362 is divided by 21115.
217
What is the remainder when 44843083 is divided by 197?
170
What is the remainder when 3918464 is divided by 34?
32
Calculate the remainder when 2264721 is divided by 836.
833
Calculate the remainder when 51859 is divided by 2282.
1655
Calculate the remainder when 37511 is divided by 500.
11
What is the remainder when 203185 is divided by 202658?
527
What is the remainder when 108282 is divided by 2850?
2832
Calculate the remainder when 2241900 is divided by 5808.
12
Calculate the remainder when 316681 is divided by 145.
1
What is the remainder when 674141 is divided by 234?
221
What is the remainder when 3184527 is divided by 41357?
38
What is the remainder when 2952030 is divided by 307?
225
Calculate the remainder when 419252938 is divided by 5465.
5463
What is the remainder when 9700332 is divided by 646688?
12
Calculate the remainder when 31067590 is divided by 7766891.
26
Calculate the remainder when 246365247